{"id":598,"date":"2010-12-13T09:07:09","date_gmt":"2010-12-13T09:07:09","guid":{"rendered":"http:\/\/www.mgv-concordia-nw.de\/"},"modified":"2026-03-09T17:02:16","modified_gmt":"2026-03-09T17:02:16","slug":"wir-uber-uns","status":"publish","type":"page","link":"https:\/\/www.mgv-concordia-nw.de\/?page_id=598","title":{"rendered":"Wir \u00fcber uns"},"content":{"rendered":"\n<p class=\"has-text-align-left\">Der M\u00e4nnergesangsverein Concordia 1888 Neckarwimmersbach e.V. ist ein traditioneller M\u00e4nnerchor, der im Jahre 1888 gegr\u00fcndet wurde. Unser Ziel ist die Erhaltung und Pflege des vierstimmigen Chorgesangs, sowie die Erhaltung des Liedes als Kulturgut.<\/p>\n\n\n\n<div class=\"wp-block-envira-envira-gallery\"><div id=\"envira-gallery-wrap-1802\" class=\"envira-gallery-wrap envira-gallery-theme-base envira-lightbox-theme-base\" itemscope itemtype=\"https:\/\/schema.org\/ImageGallery\"><div data-row-height=\"\" data-gallery-theme=\"\" id=\"envira-gallery-1802\" class=\"envira-gallery-public  envira-gallery-2-columns envira-clear enviratope envira-gallery-css-animations\" data-envira-columns=\"2\"><div id=\"envira-gallery-item-1106\" class=\"envira-gallery-item enviratope-item envira-gallery-item-1 envira-lazy-load\" style=\"padding-left: 1px; padding-bottom: 1px; padding-right: 1px;\"  itemscope itemtype=\"https:\/\/schema.org\/ImageObject\"><div class=\"envira-gallery-item-inner\"><div class=\"envira-gallery-position-overlay  envira-gallery-top-left\"><\/div><div class=\"envira-gallery-position-overlay  envira-gallery-top-right\"><\/div><div class=\"envira-gallery-position-overlay  envira-gallery-bottom-left\"><\/div><div class=\"envira-gallery-position-overlay  envira-gallery-bottom-right\"><\/div><a href=\"https:\/\/www.mgv-concordia-nw.de\/wordpress\/wp-content\/uploads\/2013\/10\/Concordia-740x588.jpg\" class=\"envira-gallery-1802 envira-gallery-link\" rel=\"enviragallery1802\" title=\"Die aktiven S&auml;nger im 125 j&auml;hrigen Jubil&auml;umsjahr 2013\" data-envira-caption=\"Die aktiven S&auml;nger im 125 j&auml;hrigen Jubil&auml;umsjahr 2013\" data-envira-retina=\"\" data-thumbnail=\"\"  itemprop=\"contentUrl\"><div class=\"envira-lazy\" data-test-width=\"640\" data-test-height=\"480\" style=\"padding-bottom:75%;\"><img decoding=\"async\" id=\"envira-gallery-image-1106\" class=\"envira-gallery-image envira-gallery-image-1\" data-envira-index=\"1\" src=\"https:\/\/www.mgv-concordia-nw.de\/wordpress\/wp-content\/uploads\/2013\/10\/Concordia-740x588-640x480.jpg\" data-envira-src=\"https:\/\/www.mgv-concordia-nw.de\/wordpress\/wp-content\/uploads\/2013\/10\/Concordia-740x588-640x480.jpg\" data-envira-gallery-id=\"1802\" data-envira-item-id=\"1106\" data-envira-caption=\"Die aktiven S&auml;nger im 125 j&auml;hrigen Jubil&auml;umsjahr 2013\" alt=\"\" title=\"Die aktiven S&amp;auml;nger im 125 j&amp;auml;hrigen Jubil&amp;auml;umsjahr 2013\"  itemprop=\"thumbnailUrl\" data-envira-srcset=\"https:\/\/www.mgv-concordia-nw.de\/wordpress\/wp-content\/uploads\/2013\/10\/Concordia-740x588-640x480.jpg 400w,https:\/\/www.mgv-concordia-nw.de\/wordpress\/wp-content\/uploads\/2013\/10\/Concordia-740x588-640x480.jpg 2x\" srcset=\"data:image\/gif;base64,R0lGODlhAQABAIAAAP\/\/\/\/\/\/\/yH5BAEKAAEALAAAAAABAAEAAAICTAEAOw==\" \/><\/div><\/a><\/div><\/div><div id=\"envira-gallery-item-876\" class=\"envira-gallery-item enviratope-item envira-gallery-item-2 envira-lazy-load\" style=\"padding-left: 1px; padding-bottom: 1px; padding-right: 1px;\"  itemscope itemtype=\"https:\/\/schema.org\/ImageObject\"><div class=\"envira-gallery-item-inner\"><div class=\"envira-gallery-position-overlay  envira-gallery-top-left\"><\/div><div class=\"envira-gallery-position-overlay  envira-gallery-top-right\"><\/div><div class=\"envira-gallery-position-overlay  envira-gallery-bottom-left\"><\/div><div class=\"envira-gallery-position-overlay  envira-gallery-bottom-right\"><\/div><a href=\"https:\/\/www.mgv-concordia-nw.de\/wordpress\/wp-content\/uploads\/2010\/12\/MGV-Concordia-2011-1-740x493.jpg\" class=\"envira-gallery-1802 envira-gallery-link\" rel=\"enviragallery1802\" title=\"Die S&auml;nger im Jahr 2011 des MGV Concordia 2011\" data-envira-caption=\"Die S&auml;nger im Jahr 2011 des MGV Concordia 2011\" data-envira-retina=\"\" data-thumbnail=\"\"  itemprop=\"contentUrl\"><div class=\"envira-lazy\" data-test-width=\"640\" data-test-height=\"480\" style=\"padding-bottom:75%;\"><img decoding=\"async\" id=\"envira-gallery-image-876\" class=\"envira-gallery-image envira-gallery-image-2\" data-envira-index=\"2\" src=\"https:\/\/www.mgv-concordia-nw.de\/wordpress\/wp-content\/uploads\/2010\/12\/MGV-Concordia-2011-1-740x493-640x480.jpg\" data-envira-src=\"https:\/\/www.mgv-concordia-nw.de\/wordpress\/wp-content\/uploads\/2010\/12\/MGV-Concordia-2011-1-740x493-640x480.jpg\" data-envira-gallery-id=\"1802\" data-envira-item-id=\"876\" data-envira-caption=\"Die S&auml;nger im Jahr 2011 des MGV Concordia 2011\" alt=\"\" title=\"Die S&amp;auml;nger im Jahr 2011 des MGV Concordia 2011\"  itemprop=\"thumbnailUrl\" data-envira-srcset=\"https:\/\/www.mgv-concordia-nw.de\/wordpress\/wp-content\/uploads\/2010\/12\/MGV-Concordia-2011-1-740x493-640x480.jpg 400w,https:\/\/www.mgv-concordia-nw.de\/wordpress\/wp-content\/uploads\/2010\/12\/MGV-Concordia-2011-1-740x493-640x480.jpg 2x\" srcset=\"data:image\/gif;base64,R0lGODlhAQABAIAAAP\/\/\/\/\/\/\/yH5BAEKAAEALAAAAAABAAEAAAICTAEAOw==\" \/><\/div><\/a><\/div><\/div><\/div><\/div><noscript><img decoding=\"async\" src=\"https:\/\/www.mgv-concordia-nw.de\/wordpress\/wp-content\/uploads\/2013\/10\/Concordia.jpg\" alt=\"\" \/><img decoding=\"async\" src=\"https:\/\/www.mgv-concordia-nw.de\/wordpress\/wp-content\/uploads\/2010\/12\/MGV-Concordia-2011-1.jpg\" alt=\"\" \/><\/noscript><\/div>\n\n\n\n<p class=\"<br&gt; \"><\/p>\n\n\n\n<p><\/p>\n\n\n\n<p><\/p>\n\n\n\n<p class=\"has-medium-font-size\"><\/p>\n\n\n\n<p class=\"has-text-align-left\">Vorstandschaft:<br>1. Vorsitzender &#8211; Karlheinz Dir<br>2. Vorsitzender &#8211; Eduard Kopka<br>Schriftf\u00fchrer &#8211; Gerhard Beisel<br>Kassier &#8211; Gisela Maltoke<\/p>\n\n\n\n<p class=\"has-text-align-left\"><\/p>\n\n\n\n<p><\/p>\n","protected":false},"excerpt":{"rendered":"<p>Der M\u00e4nnergesangsverein Concordia 1888 Neckarwimmersbach e.V. ist ein traditioneller M\u00e4nnerchor, der im Jahre 1888 gegr\u00fcndet wurde. Unser Ziel ist die Erhaltung und Pflege des vierstimmigen Chorgesangs, sowie die Erhaltung des Liedes als Kulturgut. Vorstandschaft:1. Vorsitzender &#8211; Karlheinz Dir2. Vorsitzender &#8211; Eduard KopkaSchriftf\u00fchrer &#8211; Gerhard BeiselKassier &#8211; Gisela Maltoke<\/p>\n","protected":false},"author":1,"featured_media":0,"parent":0,"menu_order":2,"comment_status":"closed","ping_status":"open","template":"","meta":{"ngg_post_thumbnail":0,"footnotes":""},"class_list":["post-598","page","type-page","status-publish","hentry"],"blocksy_meta":[],"_links":{"self":[{"href":"https:\/\/www.mgv-concordia-nw.de\/index.php?rest_route=\/wp\/v2\/pages\/598","targetHints":{"allow":["GET"]}}],"collection":[{"href":"https:\/\/www.mgv-concordia-nw.de\/index.php?rest_route=\/wp\/v2\/pages"}],"about":[{"href":"https:\/\/www.mgv-concordia-nw.de\/index.php?rest_route=\/wp\/v2\/types\/page"}],"author":[{"embeddable":true,"href":"https:\/\/www.mgv-concordia-nw.de\/index.php?rest_route=\/wp\/v2\/users\/1"}],"replies":[{"embeddable":true,"href":"https:\/\/www.mgv-concordia-nw.de\/index.php?rest_route=%2Fwp%2Fv2%2Fcomments&post=598"}],"version-history":[{"count":32,"href":"https:\/\/www.mgv-concordia-nw.de\/index.php?rest_route=\/wp\/v2\/pages\/598\/revisions"}],"predecessor-version":[{"id":1841,"href":"https:\/\/www.mgv-concordia-nw.de\/index.php?rest_route=\/wp\/v2\/pages\/598\/revisions\/1841"}],"wp:attachment":[{"href":"https:\/\/www.mgv-concordia-nw.de\/index.php?rest_route=%2Fwp%2Fv2%2Fmedia&parent=598"}],"curies":[{"name":"wp","href":"https:\/\/api.w.org\/{rel}","templated":true}]}}