{"id":245,"date":"2010-12-08T07:23:21","date_gmt":"2010-12-08T07:23:21","guid":{"rendered":"http:\/\/www.mgv-concordia-nw.de\/"},"modified":"2010-12-08T18:39:41","modified_gmt":"2010-12-08T18:39:41","slug":"geschichte-der-concordia-hutte","status":"publish","type":"page","link":"https:\/\/www.mgv-concordia-nw.de\/?page_id=245","title":{"rendered":"Geschichte"},"content":{"rendered":"<h3 style=\"text-align: justify;\"><strong>Die Geschichte der Concordia H\u00fctte am Bocksberg in Neckarwimmersbach<\/strong><\/h3>\n<p style=\"text-align: justify;\">\n<figure id=\"attachment_345\" aria-describedby=\"caption-attachment-345\" style=\"width: 340px\" class=\"wp-caption alignnone\"><a rel=\"attachment wp-att-345\" href=\"https:\/\/www.mgv-concordia-nw.de\/concordia-hutte\/geschichte-der-concordia-hutte\/bau-erste-hutte-ergebnis-9_web\/\"><img loading=\"lazy\" decoding=\"async\" class=\"size-medium wp-image-345 \" title=\"Die erste Concordia H\u00fctte\" src=\"https:\/\/www.mgv-concordia-nw.de\/wordpress\/wp-content\/uploads\/2010\/12\/Bau-erste-H\u00fctte-Ergebnis-9_web-340x228.jpg\" alt=\"Blick auf die erste Concordia H\u00fctte\" width=\"340\" height=\"228\" srcset=\"https:\/\/www.mgv-concordia-nw.de\/wordpress\/wp-content\/uploads\/2010\/12\/Bau-erste-H\u00fctte-Ergebnis-9_web-340x228.jpg 340w, https:\/\/www.mgv-concordia-nw.de\/wordpress\/wp-content\/uploads\/2010\/12\/Bau-erste-H\u00fctte-Ergebnis-9_web-740x498.jpg 740w, https:\/\/www.mgv-concordia-nw.de\/wordpress\/wp-content\/uploads\/2010\/12\/Bau-erste-H\u00fctte-Ergebnis-9_web.jpg 1000w\" sizes=\"auto, (max-width: 340px) 100vw, 340px\" \/><\/a><figcaption id=\"caption-attachment-345\" class=\"wp-caption-text\">Blick auf die erste Concordia H\u00fctte<\/figcaption><\/figure>\n<p style=\"text-align: justify;\">Bei einem Ausflug im Jahre 1972 nach Erpfendorf\/\u00d6sterreich, entstand die Idee, zum Bau einer Blockh\u00fctte.<br \/>\nAls Vorbild sollte ein Blockhaus sein, dass man auf dieser Reise entdeckte. Unvermittelt sagte einer der S\u00e4nger: \u201eSo eine Blockh\u00fctte m\u00fcssten wir auch in Neckarwimmersbach haben!\u201c<\/p>\n<p style=\"text-align: justify;\">Damit war die Idee geboren \u2013 f\u00fcr die Concordia H\u00fctte.<\/p>\n<p style=\"text-align: justify;\">\n<p style=\"text-align: justify;\">\n<figure id=\"attachment_255\" aria-describedby=\"caption-attachment-255\" style=\"width: 120px\" class=\"wp-caption alignleft\"><a rel=\"attachment wp-att-255\" href=\"https:\/\/www.mgv-concordia-nw.de\/concordia-hutte\/geschichte-der-concordia-hutte\/bau-erste-hutte-1_web\/\"><img loading=\"lazy\" decoding=\"async\" class=\"size-thumbnail wp-image-255\" title=\"Fundament 1. H\u00fctte\" src=\"https:\/\/www.mgv-concordia-nw.de\/wordpress\/wp-content\/uploads\/2010\/12\/Bau-erste-H\u00fctte-1_web-120x120.jpg\" alt=\"Fundament und Bodenplatte\" width=\"120\" height=\"120\" \/><\/a><figcaption id=\"caption-attachment-255\" class=\"wp-caption-text\">Fundament und Bodenplatte<\/figcaption><\/figure>\n<figure id=\"attachment_256\" aria-describedby=\"caption-attachment-256\" style=\"width: 120px\" class=\"wp-caption alignleft\"><a rel=\"attachment wp-att-256\" href=\"https:\/\/www.mgv-concordia-nw.de\/concordia-hutte\/geschichte-der-concordia-hutte\/bau-erste-hutte-2_web\/\"><img loading=\"lazy\" decoding=\"async\" class=\"size-thumbnail wp-image-256\" title=\"Fundament der Concordia H\u00fctte\" src=\"https:\/\/www.mgv-concordia-nw.de\/wordpress\/wp-content\/uploads\/2010\/12\/Bau-erste-H\u00fctte-2_web-120x120.jpg\" alt=\"Pause im Fundament der Concordia H\u00fctte\" width=\"120\" height=\"120\" \/><\/a><figcaption id=\"caption-attachment-256\" class=\"wp-caption-text\">S\u00e4nger machen Pause im Fundament der Concordia H\u00fctte<\/figcaption><\/figure>\n<figure id=\"attachment_259\" aria-describedby=\"caption-attachment-259\" style=\"width: 120px\" class=\"wp-caption alignleft\"><a rel=\"attachment wp-att-259\" href=\"https:\/\/www.mgv-concordia-nw.de\/concordia-hutte\/geschichte-der-concordia-hutte\/bau-erste-hutte-3_web\/\"><img loading=\"lazy\" decoding=\"async\" class=\"size-thumbnail wp-image-259\" title=\"Versorgung mit Zement im Wald\" src=\"https:\/\/www.mgv-concordia-nw.de\/wordpress\/wp-content\/uploads\/2010\/12\/Bau-erste-H\u00fctte-3_web-120x120.jpg\" alt=\"Versorgung mit Zement im Wald\" width=\"120\" height=\"120\" \/><\/a><figcaption id=\"caption-attachment-259\" class=\"wp-caption-text\">Versorgung mit Zement im Wald<\/figcaption><\/figure>\n<p>Kaum zu Hause angekommen, wurden div. Baupl\u00e4tze besichtigt, ein Plan wurde angefertigt und der damalige B\u00fcrgermeister der Stadt Eberbach, Herr Dr. Schmei\u00dfer, stand dem Vorhaben sofort sehr offen gegen\u00fcber.<\/p>\n<figure id=\"attachment_275\" aria-describedby=\"caption-attachment-275\" style=\"width: 340px\" class=\"wp-caption alignnone\"><a rel=\"attachment wp-att-275\" href=\"https:\/\/www.mgv-concordia-nw.de\/concordia-hutte\/geschichte-der-concordia-hutte\/bau-erste-hutte-7_web\/\"><img loading=\"lazy\" decoding=\"async\" class=\"size-medium wp-image-275 \" title=\"Zeitungsbericht zum Bau der Concordia H\u00fctte\" src=\"https:\/\/www.mgv-concordia-nw.de\/wordpress\/wp-content\/uploads\/2010\/12\/Bau-erste-H\u00fctte-7_web-340x218.jpg\" alt=\"Zeitungsbericht zum Bau der Concordia H\u00fctte\" width=\"340\" height=\"218\" srcset=\"https:\/\/www.mgv-concordia-nw.de\/wordpress\/wp-content\/uploads\/2010\/12\/Bau-erste-H\u00fctte-7_web-340x218.jpg 340w, https:\/\/www.mgv-concordia-nw.de\/wordpress\/wp-content\/uploads\/2010\/12\/Bau-erste-H\u00fctte-7_web-740x475.jpg 740w, https:\/\/www.mgv-concordia-nw.de\/wordpress\/wp-content\/uploads\/2010\/12\/Bau-erste-H\u00fctte-7_web.jpg 1000w\" sizes=\"auto, (max-width: 340px) 100vw, 340px\" \/><\/a><figcaption id=\"caption-attachment-275\" class=\"wp-caption-text\">Zeitungsbericht zum Bau der Concordia H\u00fctte<\/figcaption><\/figure>\n<p style=\"text-align: justify;\">\n<figure id=\"attachment_260\" aria-describedby=\"caption-attachment-260\" style=\"width: 340px\" class=\"wp-caption alignnone\"><a rel=\"attachment wp-att-260\" href=\"https:\/\/www.mgv-concordia-nw.de\/concordia-hutte\/geschichte-der-concordia-hutte\/bau-erste-hutte-4_web\/\"><img loading=\"lazy\" decoding=\"async\" class=\"size-medium wp-image-260\" title=\"Pause f\u00fcr den Fotografen\" src=\"https:\/\/www.mgv-concordia-nw.de\/wordpress\/wp-content\/uploads\/2010\/12\/Bau-erste-H\u00fctte-4_web-340x245.jpg\" alt=\"Pause f\u00fcr den Fotografen\" width=\"340\" height=\"245\" srcset=\"https:\/\/www.mgv-concordia-nw.de\/wordpress\/wp-content\/uploads\/2010\/12\/Bau-erste-H\u00fctte-4_web-340x245.jpg 340w, https:\/\/www.mgv-concordia-nw.de\/wordpress\/wp-content\/uploads\/2010\/12\/Bau-erste-H\u00fctte-4_web-740x534.jpg 740w, https:\/\/www.mgv-concordia-nw.de\/wordpress\/wp-content\/uploads\/2010\/12\/Bau-erste-H\u00fctte-4_web.jpg 1000w\" sizes=\"auto, (max-width: 340px) 100vw, 340px\" \/><\/a><figcaption id=\"caption-attachment-260\" class=\"wp-caption-text\">v.l.n.r. Gerhard Uhlig, ?, Gerhard Beisel, Karlheinz Gro\u00df, ?, G\u00fcnter Schmitt, Heinrich Beisel, Heinz Fischer, Viktor Weyrauch, Willi Wettig, Josef Kaiser, Karl Berger<\/figcaption><\/figure>\n<figure id=\"attachment_263\" aria-describedby=\"caption-attachment-263\" style=\"width: 340px\" class=\"wp-caption alignnone\"><a rel=\"attachment wp-att-263\" href=\"https:\/\/www.mgv-concordia-nw.de\/concordia-hutte\/geschichte-der-concordia-hutte\/bau-erste-hutte-5_web\/\"><img loading=\"lazy\" decoding=\"async\" class=\"size-medium wp-image-263 \" title=\"Ansicht Frontseite. Links die zuk\u00fcnftige Treppe in den Keller\" src=\"https:\/\/www.mgv-concordia-nw.de\/wordpress\/wp-content\/uploads\/2010\/12\/Bau-erste-H\u00fctte-5_web-340x224.jpg\" alt=\"Ansicht Frontseite. Links die zuk\u00fcnftige Treppe in den Keller\" width=\"340\" height=\"224\" srcset=\"https:\/\/www.mgv-concordia-nw.de\/wordpress\/wp-content\/uploads\/2010\/12\/Bau-erste-H\u00fctte-5_web-340x224.jpg 340w, https:\/\/www.mgv-concordia-nw.de\/wordpress\/wp-content\/uploads\/2010\/12\/Bau-erste-H\u00fctte-5_web-740x488.jpg 740w, https:\/\/www.mgv-concordia-nw.de\/wordpress\/wp-content\/uploads\/2010\/12\/Bau-erste-H\u00fctte-5_web.jpg 1000w\" sizes=\"auto, (max-width: 340px) 100vw, 340px\" \/><\/a><figcaption id=\"caption-attachment-263\" class=\"wp-caption-text\">Ansicht Frontseite. Links die zuk\u00fcnftige Treppe in den Keller<\/figcaption><\/figure>\n<p style=\"text-align: justify;\">Die H\u00fctte sollte eigentlich nur als Schutzh\u00fctte f\u00fcr Wanderer dienen. Doch dank der flei\u00dfigen Arbeit der S\u00e4nger und freiwilligen Spendern war das Unternehmen nicht mit einem hohen Risiko verbunden. Dies umso mehr, als durch freiwilligen Einsatz von Mitgliedern und Sponsoren des Vereins das Vorhaben in voller Eigenarbeit verwirklicht werden konnte.<\/p>\n<p style=\"text-align: justify;\">Am <em>30.12.1972<\/em> erfolgt dann der Startschuss. Der Bau war ein Kraftakt,  bei dem die S\u00e4nger und Freunde des Vereins dazu beigetragen haben, dass  am <em>14.06.1974<\/em> nach \u00fcber <strong>5000 Arbeitsstunden<\/strong>, die H\u00fctte mit einem  feierlichen Festakt eingeweiht werden konnte.<\/p>\n<p style=\"text-align: justify;\">\n<figure id=\"attachment_311\" aria-describedby=\"caption-attachment-311\" style=\"width: 340px\" class=\"wp-caption alignnone\"><a rel=\"attachment wp-att-311\" href=\"https:\/\/www.mgv-concordia-nw.de\/concordia-hutte\/geschichte-der-concordia-hutte\/bau-erste-hutte-6_web\/\"><img loading=\"lazy\" decoding=\"async\" class=\"size-medium wp-image-311\" title=\"Frontansicht mit stolzen Zimmerleuten\" src=\"https:\/\/www.mgv-concordia-nw.de\/wordpress\/wp-content\/uploads\/2010\/12\/Bau-erste-H\u00fctte-6_web-340x228.jpg\" alt=\"Frontansicht mit stolzen Zimmerleuten\" width=\"340\" height=\"228\" srcset=\"https:\/\/www.mgv-concordia-nw.de\/wordpress\/wp-content\/uploads\/2010\/12\/Bau-erste-H\u00fctte-6_web-340x228.jpg 340w, https:\/\/www.mgv-concordia-nw.de\/wordpress\/wp-content\/uploads\/2010\/12\/Bau-erste-H\u00fctte-6_web-740x497.jpg 740w, https:\/\/www.mgv-concordia-nw.de\/wordpress\/wp-content\/uploads\/2010\/12\/Bau-erste-H\u00fctte-6_web.jpg 1000w\" sizes=\"auto, (max-width: 340px) 100vw, 340px\" \/><\/a><figcaption id=\"caption-attachment-311\" class=\"wp-caption-text\">Frontansicht mit stolzen Zimmerleuten<\/figcaption><\/figure>\n<figure id=\"attachment_316\" aria-describedby=\"caption-attachment-316\" style=\"width: 120px\" class=\"wp-caption alignnone\"><a rel=\"attachment wp-att-316\" href=\"https:\/\/www.mgv-concordia-nw.de\/concordia-hutte\/geschichte-der-concordia-hutte\/bau-erste-hutte-einweihung-8_web\/\"><img loading=\"lazy\" decoding=\"async\" class=\"size-thumbnail wp-image-316\" title=\"Einweihung der Concordia H\u00fctte\" src=\"https:\/\/www.mgv-concordia-nw.de\/wordpress\/wp-content\/uploads\/2010\/12\/Bau-erste-H\u00fctte-Einweihung-8_web-120x120.jpg\" alt=\"Einweihung der Concordia H\u00fctte\" width=\"120\" height=\"120\" \/><\/a><figcaption id=\"caption-attachment-316\" class=\"wp-caption-text\">Zeitungsbericht zur Einweihung der Concordia H\u00fctte<\/figcaption><\/figure>\n<p style=\"text-align: justify;\">\n<p style=\"text-align: justify;\">Im Jahr 1980 dann der Schock f\u00fcr alle die mit dem Verein und seiner Concordia H\u00fctte verbunden waren.<\/p>\n<p style=\"text-align: justify;\">\n<figure id=\"attachment_471\" aria-describedby=\"caption-attachment-471\" style=\"width: 340px\" class=\"wp-caption alignnone\"><a rel=\"attachment wp-att-471\" href=\"https:\/\/www.mgv-concordia-nw.de\/concordia-hutte\/geschichte-der-concordia-hutte\/brand-03-10-1980-2_web\/\"><img loading=\"lazy\" decoding=\"async\" class=\"size-medium wp-image-471 \" title=\"Brandschaden an der Concordia H\u00fctte\" src=\"https:\/\/www.mgv-concordia-nw.de\/wordpress\/wp-content\/uploads\/2010\/12\/Brand-03.10.1980-2_web-340x356.jpg\" alt=\"Brandschaden an der Concordia H\u00fctte\" width=\"340\" height=\"356\" srcset=\"https:\/\/www.mgv-concordia-nw.de\/wordpress\/wp-content\/uploads\/2010\/12\/Brand-03.10.1980-2_web-340x356.jpg 340w, https:\/\/www.mgv-concordia-nw.de\/wordpress\/wp-content\/uploads\/2010\/12\/Brand-03.10.1980-2_web-572x600.jpg 572w, https:\/\/www.mgv-concordia-nw.de\/wordpress\/wp-content\/uploads\/2010\/12\/Brand-03.10.1980-2_web.jpg 1000w\" sizes=\"auto, (max-width: 340px) 100vw, 340px\" \/><\/a><figcaption id=\"caption-attachment-471\" class=\"wp-caption-text\">Brandschaden an der Concordia H\u00fctte 1980<\/figcaption><\/figure>\n<figure id=\"attachment_472\" aria-describedby=\"caption-attachment-472\" style=\"width: 340px\" class=\"wp-caption alignnone\"><a rel=\"attachment wp-att-472\" href=\"https:\/\/www.mgv-concordia-nw.de\/concordia-hutte\/geschichte-der-concordia-hutte\/brand-03-10-1980-3_web\/\"><img loading=\"lazy\" decoding=\"async\" class=\"size-medium wp-image-472 \" title=\"Brandschaden an der Concordia H\u00fctte\" src=\"https:\/\/www.mgv-concordia-nw.de\/wordpress\/wp-content\/uploads\/2010\/12\/Brand-03.10.1980-3_web-340x348.jpg\" alt=\"Brandschaden an der Concordia H\u00fctte\" width=\"340\" height=\"348\" srcset=\"https:\/\/www.mgv-concordia-nw.de\/wordpress\/wp-content\/uploads\/2010\/12\/Brand-03.10.1980-3_web-340x348.jpg 340w, https:\/\/www.mgv-concordia-nw.de\/wordpress\/wp-content\/uploads\/2010\/12\/Brand-03.10.1980-3_web-585x600.jpg 585w, https:\/\/www.mgv-concordia-nw.de\/wordpress\/wp-content\/uploads\/2010\/12\/Brand-03.10.1980-3_web.jpg 1000w\" sizes=\"auto, (max-width: 340px) 100vw, 340px\" \/><\/a><figcaption id=\"caption-attachment-472\" class=\"wp-caption-text\">Brandschaden an der Concordia H\u00fctte<\/figcaption><\/figure>\n<p><em>In der Nacht vom 2. auf den 3. Oktober 1980 brannte die H\u00fctte total nieder.<\/em><\/p>\n<p>Die S\u00e4nger verloren aber nicht den Mut und bauten mit einer ja schon eingespielten Mannschaft unter Leitung des neuen ersten Vorsitzenden Helmut Boch die H\u00fctte wieder auf.<\/p>\n<p>So konnte nach zweij\u00e4hrigem Aufbau in Eigenleistung am <em>22.Oktober 1982<\/em> die H\u00fctte wiederum ihrer Bestimmung \u00fcbergeben werden.<\/p>\n<p>Heute k\u00f6nnen die Neckarwimmersbacher S\u00e4nger mit Stolz behaupten, dass sie eine der sch\u00f6nsten Blockh\u00fctten weit und breit haben.<\/p>\n<p><a title=\"Vermietung der Concordia H\u00fctte\" href=\"https:\/\/www.mgv-concordia-nw.de\/concordia-hutte\/\" target=\"_self\">Die H\u00fctte kann mittlerweile von der Bev\u00f6lkerung f\u00fcr diverse Feierlichkeiten gemietet werden.<\/a><\/p>\n<p>Au\u00dferdem finden die w\u00f6chentlichen Singstunden des Chores darin statt, sowie die vereinsinternen oder auch \u00f6ffentliche Feiern wie das Waldfest statt.<\/p>\n<figure id=\"attachment_481\" aria-describedby=\"caption-attachment-481\" style=\"width: 120px\" class=\"wp-caption alignleft\"><a rel=\"attachment wp-att-481\" href=\"https:\/\/www.mgv-concordia-nw.de\/concordia-hutte\/geschichte-der-concordia-hutte\/bau-zweite-hutte-1_web\/\"><img loading=\"lazy\" decoding=\"async\" class=\"size-thumbnail wp-image-481\" title=\"Der Aufbau der zweiten Concordia H\u00fctte\" src=\"https:\/\/www.mgv-concordia-nw.de\/wordpress\/wp-content\/uploads\/2010\/12\/Bau-zweite-H\u00fctte-1_web-120x120.jpg\" alt=\"Der Aufbau der zweiten Concordia H\u00fctte\" width=\"120\" height=\"120\" \/><\/a><figcaption id=\"caption-attachment-481\" class=\"wp-caption-text\">Zeitungsbericht zum Wiederaufbau der zerst\u00f6rten Concordia H\u00fctte<\/figcaption><\/figure>\n<figure id=\"attachment_482\" aria-describedby=\"caption-attachment-482\" style=\"width: 120px\" class=\"wp-caption alignleft\"><a rel=\"attachment wp-att-482\" href=\"https:\/\/www.mgv-concordia-nw.de\/concordia-hutte\/geschichte-der-concordia-hutte\/brand-03-10-1980-1_web\/\"><img loading=\"lazy\" decoding=\"async\" class=\"size-thumbnail wp-image-482\" title=\"Zeitungsbericht Concordia H\u00fctte abgebrannt\" src=\"https:\/\/www.mgv-concordia-nw.de\/wordpress\/wp-content\/uploads\/2010\/12\/Brand-03.10.1980-1_web-120x120.jpg\" alt=\"Zeitungsbericht Concordia H\u00fctte abgebrannt\" width=\"120\" height=\"120\" \/><\/a><figcaption id=\"caption-attachment-482\" class=\"wp-caption-text\">Zeitungsbericht Concordia H\u00fctte abgebrannt<\/figcaption><\/figure>\n<figure id=\"attachment_483\" aria-describedby=\"caption-attachment-483\" style=\"width: 340px\" class=\"wp-caption alignleft\"><a rel=\"attachment wp-att-483\" href=\"https:\/\/www.mgv-concordia-nw.de\/concordia-hutte\/geschichte-der-concordia-hutte\/bau-zweite-hutte-ergebnis-3_web\/\"><img loading=\"lazy\" decoding=\"async\" class=\"size-medium wp-image-483\" title=\"Die &quot;neue&quot; Concordia H\u00fctte\" src=\"https:\/\/www.mgv-concordia-nw.de\/wordpress\/wp-content\/uploads\/2010\/12\/Bau-zweite-H\u00fctte-Ergebnis-3_web-340x233.jpg\" alt=\"Die &quot;neue&quot; Concordia H\u00fctte\" width=\"340\" height=\"233\" srcset=\"https:\/\/www.mgv-concordia-nw.de\/wordpress\/wp-content\/uploads\/2010\/12\/Bau-zweite-H\u00fctte-Ergebnis-3_web-340x233.jpg 340w, https:\/\/www.mgv-concordia-nw.de\/wordpress\/wp-content\/uploads\/2010\/12\/Bau-zweite-H\u00fctte-Ergebnis-3_web-740x508.jpg 740w, https:\/\/www.mgv-concordia-nw.de\/wordpress\/wp-content\/uploads\/2010\/12\/Bau-zweite-H\u00fctte-Ergebnis-3_web.jpg 1000w\" sizes=\"auto, (max-width: 340px) 100vw, 340px\" \/><\/a><figcaption id=\"caption-attachment-483\" class=\"wp-caption-text\">Die &quot;neue&quot; Concordia H\u00fctte<\/figcaption><\/figure>\n<p style=\"text-align: justify;\">\n","protected":false},"excerpt":{"rendered":"<p>Die Geschichte der Concordia H\u00fctte am Bocksberg in Neckarwimmersbach Bei einem Ausflug im Jahre 1972 nach Erpfendorf\/\u00d6sterreich, entstand die Idee, zum Bau einer Blockh\u00fctte. Als Vorbild sollte ein Blockhaus sein, dass man auf dieser Reise entdeckte. Unvermittelt sagte einer der S\u00e4nger: \u201eSo eine Blockh\u00fctte m\u00fcssten wir auch in Neckarwimmersbach haben!\u201c Damit war die Idee geboren [&hellip;]<\/p>\n","protected":false},"author":1,"featured_media":0,"parent":130,"menu_order":0,"comment_status":"closed","ping_status":"open","template":"","meta":{"ngg_post_thumbnail":0,"footnotes":""},"class_list":["post-245","page","type-page","status-publish","hentry"],"blocksy_meta":[],"_links":{"self":[{"href":"https:\/\/www.mgv-concordia-nw.de\/index.php?rest_route=\/wp\/v2\/pages\/245","targetHints":{"allow":["GET"]}}],"collection":[{"href":"https:\/\/www.mgv-concordia-nw.de\/index.php?rest_route=\/wp\/v2\/pages"}],"about":[{"href":"https:\/\/www.mgv-concordia-nw.de\/index.php?rest_route=\/wp\/v2\/types\/page"}],"author":[{"embeddable":true,"href":"https:\/\/www.mgv-concordia-nw.de\/index.php?rest_route=\/wp\/v2\/users\/1"}],"replies":[{"embeddable":true,"href":"https:\/\/www.mgv-concordia-nw.de\/index.php?rest_route=%2Fwp%2Fv2%2Fcomments&post=245"}],"version-history":[{"count":218,"href":"https:\/\/www.mgv-concordia-nw.de\/index.php?rest_route=\/wp\/v2\/pages\/245\/revisions"}],"predecessor-version":[{"id":518,"href":"https:\/\/www.mgv-concordia-nw.de\/index.php?rest_route=\/wp\/v2\/pages\/245\/revisions\/518"}],"up":[{"embeddable":true,"href":"https:\/\/www.mgv-concordia-nw.de\/index.php?rest_route=\/wp\/v2\/pages\/130"}],"wp:attachment":[{"href":"https:\/\/www.mgv-concordia-nw.de\/index.php?rest_route=%2Fwp%2Fv2%2Fmedia&parent=245"}],"curies":[{"name":"wp","href":"https:\/\/api.w.org\/{rel}","templated":true}]}}